
What are the prime factors of 1506587797?
11, 13, 73, 144323
List the prime factors of 3379174835.
5, 23, 79, 371951
List the prime factors of 290179904.
2, 7, 647723
List the prime factors of 585960438.
2, 3, 7, 41, 179, 1901
What are the prime factors of 2280982?
2, 11, 103681
What are the prime factors of 79021883?
31, 41, 79, 787
List the prime factors of 286260416.
2, 13, 17, 37, 547
What are the prime factors of 2601064506?
2, 3, 47, 97, 95089
List the prime factors of 649488879.
3, 13, 5551187
What are the prime factors of 163710166?
2, 787, 104009
List the prime factors of 256633881.
3, 7, 12220661
What are the prime factors of 11220997?
11220997
What are the prime factors of 1382296700?
2, 5, 13822967
List the prime factors of 1256082807.
3, 7, 947, 1289
List the prime factors of 84080865.
3, 5, 11, 509581
List the prime factors of 175989141.
3, 151, 129499
What are the prime factors of 5603462621?
29, 193222849
List the prime factors of 13835454.
2, 3, 2305909
List the prime factors of 327804980.
2, 5, 29, 19489
What are the prime factors of 294396442?
2, 241, 610781
What are the prime factors of 1731361157?
4583, 377779
What are the prime factors of 27150905?
5, 19, 181, 1579
What are the prime factors of 182890807?
11, 16626437
List the prime factors of 218959058.
2, 821, 133349
What are the prime factors of 24547534?
2, 11, 419, 2663
What are the prime factors of 268717867?
11, 1471, 16607
List the prime factors of 299887839.
3, 193, 19183
List the prime factors of 1148131674.
2, 3, 63785093
What are the prime factors of 16696385?
5, 1567, 2131
List the prime factors of 35901206.
2, 11, 23, 70951
What are the prime factors of 66320980?
2, 5, 11, 301459
List the prime factors of 196706723.
1949, 100927
What are the prime factors of 4438058595?
3, 5, 43, 499, 13789
List the prime factors of 1209033770.
2, 5, 7, 331, 52181
List the prime factors of 93159099.
3, 11, 17, 18451
What are the prime factors of 268744623?
3, 7, 109, 113, 1039
List the prime factors of 532239209.
532239209
What are the prime factors of 920173143?
3, 107, 2866583
List the prime factors of 3450063557.
37, 93244961
What are the prime factors of 15314104?
2, 13, 47, 241
What are the prime factors of 344194057?
23, 41, 383, 953
List the prime factors of 11524805.
5, 2304961
What are the prime factors of 953578064?
2, 719, 82891
What are the prime factors of 13706?
2, 7, 11, 89
What are the prime factors of 1189338361?
439, 2709199
List the prime factors of 1473692843.
7, 4643, 45343
What are the prime factors of 3832851820?
2, 5, 7, 179, 152947
What are the prime factors of 282510991?
7, 40358713
What are the prime factors of 818238815?
5, 17, 317, 30367
What are the prime factors of 671916732?
2, 3, 3169, 17669
What are the prime factors of 3114264152?
2, 97, 4013227
What are the prime factors of 504782578?
2, 719, 351031
What are the prime factors of 142107100?
2, 5, 31, 45841
What are the prime factors of 587405473?
587405473
List the prime factors of 3948287777.
7, 71, 7944241
List the prime factors of 116398204.
2, 13, 83, 149, 181
What are the prime factors of 642059120?
2, 5, 8025739
What are the prime factors of 1031367639?
3, 343789213
What are the prime factors of 4726607074?
2, 7, 337614791
List the prime factors of 15572809.
7, 2224687
List the prime factors of 85618542.
2, 3, 14269757
List the prime factors of 526711695.
3, 5, 3833, 9161
What are the prime factors of 59368101?
3, 13, 59, 25801
What are the prime factors of 3339192220?
2, 5, 7, 13, 262103
List the prime factors of 1663048672.
2, 23, 521, 4337
List the prime factors of 171073280.
2, 5, 7, 61, 313
List the prime factors of 57084274.
2, 13, 167, 13147
What are the prime factors of 870615274?
2, 23, 163, 116113
List the prime factors of 11123540.
2, 5, 556177
What are the prime factors of 690870528?
2, 3, 299857
List the prime factors of 621074617.
17, 53, 689317
List the prime factors of 380741341.
173, 2200817
What are the prime factors of 65002200?
2, 3, 5, 131, 827
List the prime factors of 84307733.
84307733
What are the prime factors of 15128133?
3, 5042711
What are the prime factors of 3739061208?
2, 3, 101, 1542517
What are the prime factors of 181509624?
2, 3, 41, 61487
What are the prime factors of 440575253?
440575253
What are the prime factors of 1977118795?
5, 395423759
What are the prime factors of 49542528?
2, 3, 7, 2633
What are the prime factors of 701174647?
31, 3001, 7537
List the prime factors of 62972733.
3, 20990911
List the prime factors of 9864906342.
2, 3, 1223, 1344359
List the prime factors of 178243410.
2, 3, 5, 5941447
What are the prime factors of 290052923?
290052923
List the prime factors of 65050151.
65050151
What are the prime factors of 2776747746?
2, 3, 331, 1398161
What are the prime factors of 2317532957?
127, 2549, 7159
List the prime factors of 21833577.
3, 808651
List the prime factors of 963596542.
2, 481798271
What are the prime factors of 189906520?
2, 5, 19, 79, 3163
What are the prime factors of 18377915?
5, 3675583
What are the prime factors of 102971222?
2, 19, 37, 73237
What are the prime factors of 102590626?
2, 23, 229, 9739
What are the prime factors of 179682530?
2, 5, 17968253
List the prime factors of 17908625.
5, 7, 97, 211
List the prime factors of 38527829.
23, 1069, 1567
List the prime factors of 2986669.
7, 131, 3257
What are the prime factors of 32691611?
1747, 18713
List the prime factors of 159371505.
3, 5, 3541589
List the prime factors of 47613423.
3, 11, 13, 41, 2707
What are the prime factors of 92879450?
2, 5, 1857589
List the prime factors of 588734227.
20477, 28751
What are the prime factors of 36500809?
97, 376297
What are the prime factors of 516117060?
2, 3, 5, 29, 98873
List the prime factors of 1234445795.
5, 11, 139, 161471
List the prime factors of 27584392.
2, 11, 167, 1877
What are the prime factors of 772049605?
5, 154409921
List the prime factors of 172975814.
2, 11, 37, 212501
What are the prime factors of 31073471?
11, 13, 29, 59, 127
List the prime factors of 2045533669.
5897, 346877
List the prime factors of 539864184.
2, 3, 47, 478603
List the prime factors of 99753591.
3, 7, 19, 29, 37, 233
List the prime factors of 26850912.
2, 3, 11, 47, 541
List the prime factors of 246790957.
7, 29, 1215719
What are the prime factors of 87997263?
3, 4673, 6277
What are the prime factors of 4418957?
31, 142547
What are the prime factors of 33145573?
919, 36067
List the prime factors of 5102372464.
2, 7, 45556897
List the prime factors of 139615943.
139615943
What are the prime factors of 1286623730?
2, 5, 7, 18380339
What are the prime factors of 1643706131?
19, 86510849
List the prime factors of 5162680824.
2, 3, 7, 1187, 25889
List the prime factors of 33006958.
2, 797, 20707
List the prime factors of 436316705.
5, 11, 2161, 3671
What are the prime factors of 574334310?
2, 3, 5, 11, 761, 2287
What are the prime factors of 507621573?
3, 47, 2837
List the prime factors of 17906214.
2, 3, 227, 13147
What are the prime factors of 313536265?
5, 7, 2287, 3917
List the prime factors of 259563550.
2, 5, 5191271
List the prime factors of 791468074.
2, 395734037
List the prime factors of 1054398019.
1054398019
What are the prime factors of 49229370?
2, 3, 5, 2251
What are the prime factors of 106054940?
2, 5, 5302747
What are the prime factors of 62627946?
2, 3, 10437991
List the prime factors of 191799885.
3, 5, 1433, 8923
What are the prime factors of 1059929466?
2, 3, 2017, 87583
List the prime factors of 34313144.
2, 379, 11317
List the prime factors of 62205639.
3, 19, 23, 2063
List the prime factors of 137484818.
2, 68742409
What are the prime factors of 593559754?
2, 16987, 17471
What are the prime factors of 131336085?
3, 5, 271, 32309
What are the prime factors of 156569042?
2, 7, 83, 134741
What are the prime factors of 2502305276?
2, 17, 41, 897527
What are the prime factors of 1199390646?
2, 3, 71, 1427, 1973
List the prime factors of 9460327.
181, 52267
What are the prime factors of 27554472?
2, 3, 11, 11597
What are the prime factors of 591183014?
2, 47, 1361, 4621
What are the prime factors of 2407458216?
2, 3, 100310759
What are the prime factors of 5580177?
3, 1860059
List the prime factors of 11319849